[INFO] fetching crate esplora-tapyrus 0.4.1...
[INFO] building esplora-tapyrus-0.4.1 against master#881c1ac408d93bb7adaa3a51dabab9266e82eee8 for issue-85264
[INFO] extracting crate esplora-tapyrus 0.4.1 into /workspace/builds/worker-3/source
[INFO] validating manifest of crates.io crate esplora-tapyrus 0.4.1 on toolchain 881c1ac408d93bb7adaa3a51dabab9266e82eee8
[INFO] running `Command { std: "/workspace/cargo-home/bin/cargo" "+881c1ac408d93bb7adaa3a51dabab9266e82eee8" "metadata" "--manifest-path" "Cargo.toml" "--no-deps", kill_on_drop: false }`
[INFO] started tweaking crates.io crate esplora-tapyrus 0.4.1
[INFO] finished tweaking crates.io crate esplora-tapyrus 0.4.1
[INFO] tweaked toml for crates.io crate esplora-tapyrus 0.4.1 written to /workspace/builds/worker-3/source/Cargo.toml
[INFO] crate crates.io crate esplora-tapyrus 0.4.1 already has a lockfile, it will not be regenerated
[INFO] running `Command { std: "/workspace/cargo-home/bin/cargo" "+881c1ac408d93bb7adaa3a51dabab9266e82eee8" "fetch" "--manifest-path" "Cargo.toml", kill_on_drop: false }`
[INFO] [stderr]  Downloading crates ...
[INFO] [stderr]   Downloaded rocksdb v0.15.0
[INFO] [stderr]   Downloaded sysconf v0.3.4
[INFO] [stderr]   Downloaded secp256k1 v0.20.1
[INFO] [stderr]   Downloaded bitcoin_hashes v0.7.6
[INFO] [stderr]   Downloaded tiny_http v0.7.0
[INFO] [stderr]   Downloaded socket2 v0.3.18
[INFO] [stderr]   Downloaded bitcoin_hashes v0.8.0
[INFO] [stderr]   Downloaded signal-hook v0.2.2
[INFO] [stderr]   Downloaded prometheus v0.11.0
[INFO] [stderr]   Downloaded az v1.0.0
[INFO] [stderr]   Downloaded rug v1.11.0
[INFO] [stderr]   Downloaded hyperlocal v0.7.0
[INFO] [stderr]   Downloaded openassets-tapyrus v0.2.4
[INFO] [stderr]   Downloaded tapyrus v0.4.5
[INFO] [stderr]   Downloaded protobuf v2.16.2
[INFO] [stderr]   Downloaded gmp-mpfr-sys v1.4.2
[INFO] [stderr]   Downloaded librocksdb-sys v6.11.4
[INFO] running `Command { std: "docker" "create" "-v" "/var/lib/crater-agent-workspace/builds/worker-3/target:/opt/rustwide/target:rw,Z" "-v" "/var/lib/crater-agent-workspace/builds/worker-3/source:/opt/rustwide/workdir:ro,Z" "-v" "/var/lib/crater-agent-workspace/cargo-home:/opt/rustwide/cargo-home:ro,Z" "-v" "/var/lib/crater-agent-workspace/rustup-home:/opt/rustwide/rustup-home:ro,Z" "-e" "SOURCE_DIR=/opt/rustwide/workdir" "-e" "CARGO_TARGET_DIR=/opt/rustwide/target" "-e" "CARGO_HOME=/opt/rustwide/cargo-home" "-e" "RUSTUP_HOME=/opt/rustwide/rustup-home" "-w" "/opt/rustwide/workdir" "-m" "1610612736" "--user" "0:0" "--network" "none" "ghcr.io/rust-lang/crates-build-env/linux@sha256:20528e8c29e4536546f0102ce88568b16ea7538393a33fcca951030f7af10457" "/opt/rustwide/cargo-home/bin/cargo" "+881c1ac408d93bb7adaa3a51dabab9266e82eee8" "metadata" "--no-deps" "--format-version=1", kill_on_drop: false }`
[INFO] [stdout] 456ecd9677cb662118891af5d62694f06505b65bd0f7c5b032b6e09ba1a45e9d
[INFO] [stderr] WARNING: Your kernel does not support swap limit capabilities or the cgroup is not mounted. Memory limited without swap.
[INFO] running `Command { std: "docker" "start" "-a" "456ecd9677cb662118891af5d62694f06505b65bd0f7c5b032b6e09ba1a45e9d", kill_on_drop: false }`
[INFO] running `Command { std: "docker" "inspect" "456ecd9677cb662118891af5d62694f06505b65bd0f7c5b032b6e09ba1a45e9d", kill_on_drop: false }`
[INFO] running `Command { std: "docker" "rm" "-f" "456ecd9677cb662118891af5d62694f06505b65bd0f7c5b032b6e09ba1a45e9d", kill_on_drop: false }`
[INFO] [stdout] 456ecd9677cb662118891af5d62694f06505b65bd0f7c5b032b6e09ba1a45e9d
[INFO] running `Command { std: "docker" "create" "-v" "/var/lib/crater-agent-workspace/builds/worker-3/target:/opt/rustwide/target:rw,Z" "-v" "/var/lib/crater-agent-workspace/builds/worker-3/source:/opt/rustwide/workdir:ro,Z" "-v" "/var/lib/crater-agent-workspace/cargo-home:/opt/rustwide/cargo-home:ro,Z" "-v" "/var/lib/crater-agent-workspace/rustup-home:/opt/rustwide/rustup-home:ro,Z" "-e" "SOURCE_DIR=/opt/rustwide/workdir" "-e" "CARGO_TARGET_DIR=/opt/rustwide/target" "-e" "CARGO_INCREMENTAL=0" "-e" "RUST_BACKTRACE=full" "-e" "RUSTFLAGS=--cap-lints=forbid" "-e" "CARGO_HOME=/opt/rustwide/cargo-home" "-e" "RUSTUP_HOME=/opt/rustwide/rustup-home" "-w" "/opt/rustwide/workdir" "-m" "1610612736" "--user" "0:0" "--network" "none" "ghcr.io/rust-lang/crates-build-env/linux@sha256:20528e8c29e4536546f0102ce88568b16ea7538393a33fcca951030f7af10457" "/opt/rustwide/cargo-home/bin/cargo" "+881c1ac408d93bb7adaa3a51dabab9266e82eee8" "build" "--frozen" "--message-format=json", kill_on_drop: false }`
[INFO] [stderr] WARNING: Your kernel does not support swap limit capabilities or the cgroup is not mounted. Memory limited without swap.
[INFO] [stdout] 8cbc0ce05248842f7642b1297f1b515fbd3f8251d1539e5aa0fbe55d1825d08c
[INFO] running `Command { std: "docker" "start" "-a" "8cbc0ce05248842f7642b1297f1b515fbd3f8251d1539e5aa0fbe55d1825d08c", kill_on_drop: false }`
[INFO] [stderr]     Blocking waiting for file lock on package cache
[INFO] [stderr]    Compiling autocfg v1.0.0
[INFO] [stderr]    Compiling proc-macro2 v1.0.18
[INFO] [stderr]    Compiling cfg-if v1.0.0
[INFO] [stderr]    Compiling syn v1.0.33
[INFO] [stderr]    Compiling const_fn v0.4.4
[INFO] [stderr]    Compiling scopeguard v1.1.0
[INFO] [stderr]    Compiling cfg-if v0.1.10
[INFO] [stderr]    Compiling glob v0.3.0
[INFO] [stderr]    Compiling serde_derive v1.0.118
[INFO] [stderr]    Compiling proc-macro-hack v0.5.16
[INFO] [stderr]    Compiling serde v1.0.118
[INFO] [stderr]    Compiling itoa v0.4.6
[INFO] [stderr]    Compiling pin-project-internal v0.4.22
[INFO] [stderr]    Compiling termcolor v1.1.0
[INFO] [stderr]    Compiling bytes v0.5.5
[INFO] [stderr]    Compiling quick-error v1.2.3
[INFO] [stderr]    Compiling futures-core v0.3.5
[INFO] [stderr]    Compiling gmp-mpfr-sys v1.4.2
[INFO] [stderr]    Compiling bindgen v0.54.0
[INFO] [stderr]    Compiling once_cell v1.4.0
[INFO] [stderr]    Compiling rustc-hash v1.1.0
[INFO] [stderr]    Compiling shlex v0.1.1
[INFO] [stderr]    Compiling peeking_take_while v0.1.2
[INFO] [stderr]    Compiling tinyvec v0.3.3
[INFO] [stderr]    Compiling pin-utils v0.1.0
[INFO] [stderr]    Compiling httparse v1.3.4
[INFO] [stderr]    Compiling rug v1.11.0
[INFO] [stderr]    Compiling byteorder v1.3.4
[INFO] [stderr]    Compiling futures-sink v0.3.5
[INFO] [stderr]    Compiling gimli v0.22.0
[INFO] [stderr]    Compiling serde_json v1.0.60
[INFO] [stderr]    Compiling protobuf v2.16.2
[INFO] [stderr]    Compiling try-lock v0.2.2
[INFO] [stderr]    Compiling az v1.0.0
[INFO] [stderr]    Compiling adler v0.2.2
[INFO] [stderr]    Compiling prometheus v0.11.0
[INFO] [stderr]    Compiling tower-service v0.3.0
[INFO] [stderr]    Compiling arc-swap v0.4.7
[INFO] [stderr]    Compiling object v0.20.0
[INFO] [stderr]    Compiling arraydeque v0.4.5
[INFO] [stderr]    Compiling ascii v1.0.0
[INFO] [stderr]    Compiling chunked_transfer v1.2.0
[INFO] [stderr]    Compiling bitcoin_hashes v0.7.6
[INFO] [stderr]    Compiling arrayref v0.3.6
[INFO] [stderr]    Compiling thread_local v1.0.1
[INFO] [stderr]    Compiling nom v5.1.2
[INFO] [stderr]    Compiling standback v0.2.9
[INFO] [stderr]    Compiling error-chain v0.12.4
[INFO] [stderr]    Compiling time v0.2.23
[INFO] [stderr]    Compiling itertools v0.9.0
[INFO] [stderr]    Compiling unicode-bidi v0.3.4
[INFO] [stderr]    Compiling form_urlencoded v1.0.0
[INFO] [stderr]    Compiling instant v0.1.9
[INFO] [stderr]    Compiling lock_api v0.4.2
[INFO] [stderr]    Compiling humantime v1.3.0
[INFO] [stderr]    Compiling futures-channel v0.3.5
[INFO] [stderr]    Compiling miniz_oxide v0.4.0
[INFO] [stderr]    Compiling unicode-normalization v0.1.13
[INFO] [stderr]    Compiling futures-task v0.3.5
[INFO] [stderr]    Compiling log v0.4.11
[INFO] [stderr]    Compiling http v0.2.1
[INFO] [stderr]    Compiling atty v0.2.11
[INFO] [stderr]    Compiling iovec v0.1.4
[INFO] [stderr]    Compiling net2 v0.2.34
[INFO] [stderr]    Compiling time v0.1.43
[INFO] [stderr]    Compiling which v3.1.1
[INFO] [stderr]    Compiling parking_lot_core v0.8.1
[INFO] [stderr]    Compiling socket2 v0.3.18
[INFO] [stderr]    Compiling rand v0.4.6
[INFO] [stderr]    Compiling errno v0.2.5
[INFO] [stderr]    Compiling dirs-sys v0.3.5
[INFO] [stderr]    Compiling signal-hook-registry v1.2.0
[INFO] [stderr]    Compiling page_size v0.4.2
[INFO] [stderr]    Compiling want v0.3.0
[INFO] [stderr]    Compiling clap v2.33.3
[INFO] [stderr]    Compiling crossbeam-utils v0.8.1
[INFO] [stderr]    Compiling memoffset v0.6.1
[INFO] [stderr]    Compiling rayon v1.5.0
[INFO] [stderr]    Compiling num-traits v0.2.12
[INFO] [stderr]    Compiling indexmap v1.4.0
[INFO] [stderr]    Compiling num-integer v0.1.43
[INFO] [stderr]    Compiling regex v1.3.9
[INFO] [stderr]    Compiling mio v0.6.22
[INFO] [stderr]    Compiling parking_lot v0.11.1
[INFO] [stderr]    Compiling sysconf v0.3.4
[INFO] [stderr]    Compiling signal-hook v0.2.2
[INFO] [stderr]    Compiling dirs v3.0.1
[INFO] [stderr]    Compiling clang-sys v0.29.3
[INFO] [stderr]    Compiling idna v0.2.0
[INFO] [stderr]    Compiling rand v0.3.23
[INFO] [stderr]    Compiling addr2line v0.13.0
[INFO] [stderr]    Compiling rust-crypto v0.2.36
[INFO] [stderr]    Compiling quote v1.0.7
[INFO] [stderr]    Compiling backtrace v0.3.50
[INFO] [stderr]    Compiling mio-uds v0.6.8
[INFO] [stderr]    Compiling env_logger v0.7.1
[INFO] [stderr]    Compiling crossbeam-epoch v0.9.1
[INFO] [stderr]    Compiling crossbeam-channel v0.5.0
[INFO] [stderr]    Compiling url v2.2.0
[INFO] [stderr]    Compiling chrono v0.4.13
[INFO] [stderr]    Compiling cexpr v0.4.0
[INFO] [stderr]    Compiling crossbeam-deque v0.8.0
[INFO] [stderr]    Compiling rayon-core v1.9.0
[INFO] [stderr]    Compiling http-body v0.3.1
[INFO] [stderr]    Compiling tiny_http v0.7.0
[INFO] [stderr]    Compiling stderrlog v0.5.0
[INFO] [stderr]    Compiling cc v1.0.41
[INFO] [stderr]    Compiling tokio-macros v0.2.5
[INFO] [stderr]    Compiling futures-macro v0.3.5
[INFO] [stderr]    Compiling thiserror-impl v1.0.20
[INFO] [stderr]    Compiling time-macros-impl v0.1.1
[INFO] [stderr]    Compiling libloading v0.5.2
[INFO] [stderr]    Compiling secp256k1-sys v0.4.0
[INFO] [stderr]    Compiling tokio v0.2.6
[INFO] [stderr]    Compiling time-macros v0.1.0
[INFO] [stderr]    Compiling thiserror v1.0.20
[INFO] [stderr]    Compiling pin-project v0.4.22
[INFO] [stderr]    Compiling futures-util v0.3.5
[INFO] [stderr]    Compiling tokio-util v0.3.1
[INFO] [stderr]    Compiling h2 v0.2.5
[INFO] [stderr]    Compiling hyper v0.13.6
[INFO] [stderr]    Compiling librocksdb-sys v6.11.4
[INFO] [stderr]    Compiling bitcoin_hashes v0.8.0
[INFO] [stderr]    Compiling secp256k1 v0.20.1
[INFO] [stderr]    Compiling bincode v1.3.1
[INFO] [stderr]    Compiling hyperlocal v0.7.0
[INFO] [stderr] The following warnings were emitted during compilation:
[INFO] [stderr] 
[INFO] [stderr] warning: c++: fatal error: Killed signal terminated program cc1plus
[INFO] [stderr] warning: compilation terminated.
[INFO] [stderr] warning: c++: fatal error: Killed signal terminated program cc1plus
[INFO] [stderr] warning: compilation terminated.
[INFO] [stderr] warning: c++: fatal error: Killed signal terminated program cc1plus
[INFO] [stderr] warning: compilation terminated.
[INFO] [stderr] warning: c++: fatal error: Killed signal terminated program cc1plus
[INFO] [stderr] warning: compilation terminated.
[INFO] [stderr] warning: c++: fatal error: Killed signal terminated program cc1plus
[INFO] [stderr] warning: compilation terminated.
[INFO] [stderr] warning: c++: fatal error: Killed signal terminated program cc1plus
[INFO] [stderr] warning: compilation terminated.
[INFO] [stderr] warning: c++: fatal error: Killed signal terminated program cc1plus
[INFO] [stderr] warning: compilation terminated.
[INFO] [stderr] warning: c++: fatal error: Killed signal terminated program cc1plus
[INFO] [stderr] warning: compilation terminated.
[INFO] [stderr] warning: c++: fatal error: Killed signal terminated program cc1plus
[INFO] [stderr] warning: compilation terminated.
[INFO] [stderr] warning: c++: fatal error: Killed signal terminated program cc1plus
[INFO] [stderr] warning: compilation terminated.
[INFO] [stderr] warning: c++: fatal error: Killed signal terminated program cc1plus
[INFO] [stderr] warning: compilation terminated.
[INFO] [stderr] warning: c++: fatal error: Killed signal terminated program cc1plus
[INFO] [stderr] warning: compilation terminated.
[INFO] [stderr] warning: c++: fatal error: Killed signal terminated program cc1plus
[INFO] [stderr] warning: compilation terminated.
[INFO] [stderr] warning: c++: fatal error: Killed signal terminated program cc1plus
[INFO] [stderr] warning: compilation terminated.
[INFO] [stderr] warning: c++: fatal error: Killed signal terminated program cc1plus
[INFO] [stderr] warning: compilation terminated.
[INFO] [stderr] warning: c++: fatal error: Killed signal terminated program cc1plus
[INFO] [stderr] warning: compilation terminated.
[INFO] [stderr] 
[INFO] [stderr] error: failed to run custom build command for `librocksdb-sys v6.11.4`
[INFO] [stderr] 
[INFO] [stderr] Caused by:
[INFO] [stderr]   process didn't exit successfully: `/opt/rustwide/target/debug/build/librocksdb-sys-27e7ee12fc645892/build-script-build` (exit status: 1)
[INFO] [stderr]   --- stdout
[INFO] [stderr]   cargo:rerun-if-changed=rocksdb/
[INFO] [stderr]   NUM_JOBS = Some("32")
[INFO] [stderr]   TARGET = Some("x86_64-unknown-linux-gnu")
[INFO] [stderr]   OPT_LEVEL = Some("0")
[INFO] [stderr]   HOST = Some("x86_64-unknown-linux-gnu")
[INFO] [stderr]   CXX_x86_64-unknown-linux-gnu = None
[INFO] [stderr]   CXX_x86_64_unknown_linux_gnu = None
[INFO] [stderr]   HOST_CXX = None
[INFO] [stderr]   CXX = None
[INFO] [stderr]   CXXFLAGS_x86_64-unknown-linux-gnu = None
[INFO] [stderr]   CXXFLAGS_x86_64_unknown_linux_gnu = None
[INFO] [stderr]   HOST_CXXFLAGS = None
[INFO] [stderr]   CXXFLAGS = None
[INFO] [stderr]   CRATE_CC_NO_DEFAULTS = None
[INFO] [stderr]   DEBUG = Some("true")
[INFO] [stderr]   CARGO_CFG_TARGET_FEATURE = Some("fxsr,sse,sse2")
[INFO] [stderr]   CXX_x86_64-unknown-linux-gnu = None
[INFO] [stderr]   CXX_x86_64_unknown_linux_gnu = None
[INFO] [stderr]   HOST_CXX = None
[INFO] [stderr]   CXX = None
[INFO] [stderr]   CXXFLAGS_x86_64-unknown-linux-gnu = None
[INFO] [stderr]   CXXFLAGS_x86_64_unknown_linux_gnu = None
[INFO] [stderr]   HOST_CXXFLAGS = None
[INFO] [stderr]   CXXFLAGS = None
[INFO] [stderr]   CRATE_CC_NO_DEFAULTS = None
[INFO] [stderr]   CARGO_CFG_TARGET_FEATURE = Some("fxsr,sse,sse2")
[INFO] [stderr]   CXX_x86_64-unknown-linux-gnu = None
[INFO] [stderr]   CXX_x86_64_unknown_linux_gnu = None
[INFO] [stderr]   HOST_CXX = None
[INFO] [stderr]   CXX = None
[INFO] [stderr]   CXXFLAGS_x86_64-unknown-linux-gnu = None
[INFO] [stderr]   CXXFLAGS_x86_64_unknown_linux_gnu = None
[INFO] [stderr]   HOST_CXXFLAGS = None
[INFO] [stderr]   CXXFLAGS = None
[INFO] [stderr]   CRATE_CC_NO_DEFAULTS = None
[INFO] [stderr]   CARGO_CFG_TARGET_FEATURE = Some("fxsr,sse,sse2")
[INFO] [stderr]   CXX_x86_64-unknown-linux-gnu = None
[INFO] [stderr]   CXX_x86_64_unknown_linux_gnu = None
[INFO] [stderr]   HOST_CXX = None
[INFO] [stderr]   CXX = None
[INFO] [stderr]   CXXFLAGS_x86_64-unknown-linux-gnu = None
[INFO] [stderr]   CXXFLAGS_x86_64_unknown_linux_gnu = None
[INFO] [stderr]   HOST_CXXFLAGS = None
[INFO] [stderr]   CXXFLAGS = None
[INFO] [stderr]   CRATE_CC_NO_DEFAULTS = None
[INFO] [stderr]   CARGO_CFG_TARGET_FEATURE = Some("fxsr,sse,sse2")
[INFO] [stderr]   CXX_x86_64-unknown-linux-gnu = None
[INFO] [stderr]   CXX_x86_64_unknown_linux_gnu = None
[INFO] [stderr]   HOST_CXX = None
[INFO] [stderr]   CXX = None
[INFO] [stderr]   CXXFLAGS_x86_64-unknown-linux-gnu = None
[INFO] [stderr]   CXXFLAGS_x86_64_unknown_linux_gnu = None
[INFO] [stderr]   HOST_CXXFLAGS = None
[INFO] [stderr]   CXXFLAGS = None
[INFO] [stderr]   CRATE_CC_NO_DEFAULTS = None
[INFO] [stderr]   CARGO_CFG_TARGET_FEATURE = Some("fxsr,sse,sse2")
[INFO] [stderr]   running: "c++" "-O0" "-ffunction-sections" "-fdata-sections" "-fPIC" "-g" "-fno-omit-frame-pointer" "-m64" "-I" "rocksdb/include/" "-I" "rocksdb/" "-I" "rocksdb/third-party/gtest-1.8.1/fused-src/" "-I" "snappy/" "-I" "lz4/lib/" "-I" "zstd/lib/" "-I" "zstd/lib/dictBuilder/" "-I" "zlib/" "-I" "bzip2/" "-I" "." "-Wall" "-Wextra" "-std=c++11" "-Wno-unused-parameter" "-msse2" "-msse4.1" "-msse4.2" "-mpclmul" "-DSNAPPY=1" "-DLZ4=1" "-DZSTD=1" "-DZLIB=1" "-DBZIP2=1" "-DNDEBUG=1" "-DHAVE_SSE42=1" "-DHAVE_PCLMUL=1" "-DOS_LINUX=1" "-DROCKSDB_PLATFORM_POSIX=1" "-DROCKSDB_LIB_IO_POSIX=1" "-o" "/opt/rustwide/target/debug/build/librocksdb-sys-a125c1a310fd5032/out/rocksdb/cache/sharded_cache.o" "-c" "rocksdb/cache/sharded_cache.cc"
[INFO] [stderr]   running: "c++" "-O0" "-ffunction-sections" "-fdata-sections" "-fPIC" "-g" "-fno-omit-frame-pointer" "-m64" "-I" "rocksdb/include/" "-I" "rocksdb/" "-I" "rocksdb/third-party/gtest-1.8.1/fused-src/" "-I" "snappy/" "-I" "lz4/lib/" "-I" "zstd/lib/" "-I" "zstd/lib/dictBuilder/" "-I" "zlib/" "-I" "bzip2/" "-I" "." "-Wall" "-Wextra" "-std=c++11" "-Wno-unused-parameter" "-msse2" "-msse4.1" "-msse4.2" "-mpclmul" "-DSNAPPY=1" "-DLZ4=1" "-DZSTD=1" "-DZLIB=1" "-DBZIP2=1" "-DNDEBUG=1" "-DHAVE_SSE42=1" "-DHAVE_PCLMUL=1" "-DOS_LINUX=1" "-DROCKSDB_PLATFORM_POSIX=1" "-DROCKSDB_LIB_IO_POSIX=1" "-o" "/opt/rustwide/target/debug/build/librocksdb-sys-a125c1a310fd5032/out/rocksdb/utilities/cassandra/cassandra_compaction_filter.o" "-c" "rocksdb/utilities/cassandra/cassandra_compaction_filter.cc"
[INFO] [stderr]   running: "c++" "-O0" "-ffunction-sections" "-fdata-sections" "-fPIC" "-g" "-fno-omit-frame-pointer" "-m64" "-I" "rocksdb/include/" "-I" "rocksdb/" "-I" "rocksdb/third-party/gtest-1.8.1/fused-src/" "-I" "snappy/" "-I" "lz4/lib/" "-I" "zstd/lib/" "-I" "zstd/lib/dictBuilder/" "-I" "zlib/" "-I" "bzip2/" "-I" "." "-Wall" "-Wextra" "-std=c++11" "-Wno-unused-parameter" "-msse2" "-msse4.1" "-msse4.2" "-mpclmul" "-DSNAPPY=1" "-DLZ4=1" "-DZSTD=1" "-DZLIB=1" "-DBZIP2=1" "-DNDEBUG=1" "-DHAVE_SSE42=1" "-DHAVE_PCLMUL=1" "-DOS_LINUX=1" "-DROCKSDB_PLATFORM_POSIX=1" "-DROCKSDB_LIB_IO_POSIX=1" "-o" "/opt/rustwide/target/debug/build/librocksdb-sys-a125c1a310fd5032/out/rocksdb/db/c.o" "-c" "rocksdb/db/c.cc"
[INFO] [stderr]   running: "c++" "-O0" "-ffunction-sections" "-fdata-sections" "-fPIC" "-g" "-fno-omit-frame-pointer" "-m64" "-I" "rocksdb/include/" "-I" "rocksdb/" "-I" "rocksdb/third-party/gtest-1.8.1/fused-src/" "-I" "snappy/" "-I" "lz4/lib/" "-I" "zstd/lib/" "-I" "zstd/lib/dictBuilder/" "-I" "zlib/" "-I" "bzip2/" "-I" "." "-Wall" "-Wextra" "-std=c++11" "-Wno-unused-parameter" "-msse2" "-msse4.1" "-msse4.2" "-mpclmul" "-DSNAPPY=1" "-DLZ4=1" "-DZSTD=1" "-DZLIB=1" "-DBZIP2=1" "-DNDEBUG=1" "-DHAVE_SSE42=1" "-DHAVE_PCLMUL=1" "-DOS_LINUX=1" "-DROCKSDB_PLATFORM_POSIX=1" "-DROCKSDB_LIB_IO_POSIX=1" "-o" "/opt/rustwide/target/debug/build/librocksdb-sys-a125c1a310fd5032/out/rocksdb/db/db_impl/db_impl_readonly.o" "-c" "rocksdb/db/db_impl/db_impl_readonly.cc"
[INFO] [stderr]   running: "c++" "-O0" "-ffunction-sections" "-fdata-sections" "-fPIC" "-g" "-fno-omit-frame-pointer" "-m64" "-I" "rocksdb/include/" "-I" "rocksdb/" "-I" "rocksdb/third-party/gtest-1.8.1/fused-src/" "-I" "snappy/" "-I" "lz4/lib/" "-I" "zstd/lib/" "-I" "zstd/lib/dictBuilder/" "-I" "zlib/" "-I" "bzip2/" "-I" "." "-Wall" "-Wextra" "-std=c++11" "-Wno-unused-parameter" "-msse2" "-msse4.1" "-msse4.2" "-mpclmul" "-DSNAPPY=1" "-DLZ4=1" "-DZSTD=1" "-DZLIB=1" "-DBZIP2=1" "-DNDEBUG=1" "-DHAVE_SSE42=1" "-DHAVE_PCLMUL=1" "-DOS_LINUX=1" "-DROCKSDB_PLATFORM_POSIX=1" "-DROCKSDB_LIB_IO_POSIX=1" "-o" "/opt/rustwide/target/debug/build/librocksdb-sys-a125c1a310fd5032/out/rocksdb/db/event_helpers.o" "-c" "rocksdb/db/event_helpers.cc"
[INFO] [stderr]   running: "c++" "-O0" "-ffunction-sections" "-fdata-sections" "-fPIC" "-g" "-fno-omit-frame-pointer" "-m64" "-I" "rocksdb/include/" "-I" "rocksdb/" "-I" "rocksdb/third-party/gtest-1.8.1/fused-src/" "-I" "snappy/" "-I" "lz4/lib/" "-I" "zstd/lib/" "-I" "zstd/lib/dictBuilder/" "-I" "zlib/" "-I" "bzip2/" "-I" "." "-Wall" "-Wextra" "-std=c++11" "-Wno-unused-parameter" "-msse2" "-msse4.1" "-msse4.2" "-mpclmul" "-DSNAPPY=1" "-DLZ4=1" "-DZSTD=1" "-DZLIB=1" "-DBZIP2=1" "-DNDEBUG=1" "-DHAVE_SSE42=1" "-DHAVE_PCLMUL=1" "-DOS_LINUX=1" "-DROCKSDB_PLATFORM_POSIX=1" "-DROCKSDB_LIB_IO_POSIX=1" "-o" "/opt/rustwide/target/debug/build/librocksdb-sys-a125c1a310fd5032/out/rocksdb/db/blob/blob_log_reader.o" "-c" "rocksdb/db/blob/blob_log_reader.cc"
[INFO] [stderr]   running: "c++" "-O0" "-ffunction-sections" "-fdata-sections" "-fPIC" "-g" "-fno-omit-frame-pointer" "-m64" "-I" "rocksdb/include/" "-I" "rocksdb/" "-I" "rocksdb/third-party/gtest-1.8.1/fused-src/" "-I" "snappy/" "-I" "lz4/lib/" "-I" "zstd/lib/" "-I" "zstd/lib/dictBuilder/" "-I" "zlib/" "-I" "bzip2/" "-I" "." "-Wall" "-Wextra" "-std=c++11" "-Wno-unused-parameter" "-msse2" "-msse4.1" "-msse4.2" "-mpclmul" "-DSNAPPY=1" "-DLZ4=1" "-DZSTD=1" "-DZLIB=1" "-DBZIP2=1" "-DNDEBUG=1" "-DHAVE_SSE42=1" "-DHAVE_PCLMUL=1" "-DOS_LINUX=1" "-DROCKSDB_PLATFORM_POSIX=1" "-DROCKSDB_LIB_IO_POSIX=1" "-o" "/opt/rustwide/target/debug/build/librocksdb-sys-a125c1a310fd5032/out/rocksdb/utilities/transactions/optimistic_transaction_db_impl.o" "-c" "rocksdb/utilities/transactions/optimistic_transaction_db_impl.cc"
[INFO] [stderr]   running: "c++" "-O0" "-ffunction-sections" "-fdata-sections" "-fPIC" "-g" "-fno-omit-frame-pointer" "-m64" "-I" "rocksdb/include/" "-I" "rocksdb/" "-I" "rocksdb/third-party/gtest-1.8.1/fused-src/" "-I" "snappy/" "-I" "lz4/lib/" "-I" "zstd/lib/" "-I" "zstd/lib/dictBuilder/" "-I" "zlib/" "-I" "bzip2/" "-I" "." "-Wall" "-Wextra" "-std=c++11" "-Wno-unused-parameter" "-msse2" "-msse4.1" "-msse4.2" "-mpclmul" "-DSNAPPY=1" "-DLZ4=1" "-DZSTD=1" "-DZLIB=1" "-DBZIP2=1" "-DNDEBUG=1" "-DHAVE_SSE42=1" "-DHAVE_PCLMUL=1" "-DOS_LINUX=1" "-DROCKSDB_PLATFORM_POSIX=1" "-DROCKSDB_LIB_IO_POSIX=1" "-o" "/opt/rustwide/target/debug/build/librocksdb-sys-a125c1a310fd5032/out/rocksdb/utilities/merge_operators/put.o" "-c" "rocksdb/utilities/merge_operators/put.cc"
[INFO] [stderr]   running: "c++" "-O0" "-ffunction-sections" "-fdata-sections" "-fPIC" "-g" "-fno-omit-frame-pointer" "-m64" "-I" "rocksdb/include/" "-I" "rocksdb/" "-I" "rocksdb/third-party/gtest-1.8.1/fused-src/" "-I" "snappy/" "-I" "lz4/lib/" "-I" "zstd/lib/" "-I" "zstd/lib/dictBuilder/" "-I" "zlib/" "-I" "bzip2/" "-I" "." "-Wall" "-Wextra" "-std=c++11" "-Wno-unused-parameter" "-msse2" "-msse4.1" "-msse4.2" "-mpclmul" "-DSNAPPY=1" "-DLZ4=1" "-DZSTD=1" "-DZLIB=1" "-DBZIP2=1" "-DNDEBUG=1" "-DHAVE_SSE42=1" "-DHAVE_PCLMUL=1" "-DOS_LINUX=1" "-DROCKSDB_PLATFORM_POSIX=1" "-DROCKSDB_LIB_IO_POSIX=1" "-o" "/opt/rustwide/target/debug/build/librocksdb-sys-a125c1a310fd5032/out/rocksdb/utilities/persistent_cache/block_cache_tier_metadata.o" "-c" "rocksdb/utilities/persistent_cache/block_cache_tier_metadata.cc"
[INFO] [stderr]   running: "c++" "-O0" "-ffunction-sections" "-fdata-sections" "-fPIC" "-g" "-fno-omit-frame-pointer" "-m64" "-I" "rocksdb/include/" "-I" "rocksdb/" "-I" "rocksdb/third-party/gtest-1.8.1/fused-src/" "-I" "snappy/" "-I" "lz4/lib/" "-I" "zstd/lib/" "-I" "zstd/lib/dictBuilder/" "-I" "zlib/" "-I" "bzip2/" "-I" "." "-Wall" "-Wextra" "-std=c++11" "-Wno-unused-parameter" "-msse2" "-msse4.1" "-msse4.2" "-mpclmul" "-DSNAPPY=1" "-DLZ4=1" "-DZSTD=1" "-DZLIB=1" "-DBZIP2=1" "-DNDEBUG=1" "-DHAVE_SSE42=1" "-DHAVE_PCLMUL=1" "-DOS_LINUX=1" "-DROCKSDB_PLATFORM_POSIX=1" "-DROCKSDB_LIB_IO_POSIX=1" "-o" "/opt/rustwide/target/debug/build/librocksdb-sys-a125c1a310fd5032/out/rocksdb/cache/cache.o" "-c" "rocksdb/cache/cache.cc"
[INFO] [stderr]   running: "c++" "-O0" "-ffunction-sections" "-fdata-sections" "-fPIC" "-g" "-fno-omit-frame-pointer" "-m64" "-I" "rocksdb/include/" "-I" "rocksdb/" "-I" "rocksdb/third-party/gtest-1.8.1/fused-src/" "-I" "snappy/" "-I" "lz4/lib/" "-I" "zstd/lib/" "-I" "zstd/lib/dictBuilder/" "-I" "zlib/" "-I" "bzip2/" "-I" "." "-Wall" "-Wextra" "-std=c++11" "-Wno-unused-parameter" "-msse2" "-msse4.1" "-msse4.2" "-mpclmul" "-DSNAPPY=1" "-DLZ4=1" "-DZSTD=1" "-DZLIB=1" "-DBZIP2=1" "-DNDEBUG=1" "-DHAVE_SSE42=1" "-DHAVE_PCLMUL=1" "-DOS_LINUX=1" "-DROCKSDB_PLATFORM_POSIX=1" "-DROCKSDB_LIB_IO_POSIX=1" "-o" "/opt/rustwide/target/debug/build/librocksdb-sys-a125c1a310fd5032/out/rocksdb/db/arena_wrapped_db_iter.o" "-c" "rocksdb/db/arena_wrapped_db_iter.cc"
[INFO] [stderr]   running: "c++" "-O0" "-ffunction-sections" "-fdata-sections" "-fPIC" "-g" "-fno-omit-frame-pointer" "-m64" "-I" "rocksdb/include/" "-I" "rocksdb/" "-I" "rocksdb/third-party/gtest-1.8.1/fused-src/" "-I" "snappy/" "-I" "lz4/lib/" "-I" "zstd/lib/" "-I" "zstd/lib/dictBuilder/" "-I" "zlib/" "-I" "bzip2/" "-I" "." "-Wall" "-Wextra" "-std=c++11" "-Wno-unused-parameter" "-msse2" "-msse4.1" "-msse4.2" "-mpclmul" "-DSNAPPY=1" "-DLZ4=1" "-DZSTD=1" "-DZLIB=1" "-DBZIP2=1" "-DNDEBUG=1" "-DHAVE_SSE42=1" "-DHAVE_PCLMUL=1" "-DOS_LINUX=1" "-DROCKSDB_PLATFORM_POSIX=1" "-DROCKSDB_LIB_IO_POSIX=1" "-o" "/opt/rustwide/target/debug/build/librocksdb-sys-a125c1a310fd5032/out/rocksdb/utilities/merge_operators/uint64add.o" "-c" "rocksdb/utilities/merge_operators/uint64add.cc"
[INFO] [stderr]   running: "c++" "-O0" "-ffunction-sections" "-fdata-sections" "-fPIC" "-g" "-fno-omit-frame-pointer" "-m64" "-I" "rocksdb/include/" "-I" "rocksdb/" "-I" "rocksdb/third-party/gtest-1.8.1/fused-src/" "-I" "snappy/" "-I" "lz4/lib/" "-I" "zstd/lib/" "-I" "zstd/lib/dictBuilder/" "-I" "zlib/" "-I" "bzip2/" "-I" "." "-Wall" "-Wextra" "-std=c++11" "-Wno-unused-parameter" "-msse2" "-msse4.1" "-msse4.2" "-mpclmul" "-DSNAPPY=1" "-DLZ4=1" "-DZSTD=1" "-DZLIB=1" "-DBZIP2=1" "-DNDEBUG=1" "-DHAVE_SSE42=1" "-DHAVE_PCLMUL=1" "-DOS_LINUX=1" "-DROCKSDB_PLATFORM_POSIX=1" "-DROCKSDB_LIB_IO_POSIX=1" "-o" "/opt/rustwide/target/debug/build/librocksdb-sys-a125c1a310fd5032/out/rocksdb/db/blob/blob_file_addition.o" "-c" "rocksdb/db/blob/blob_file_addition.cc"
[INFO] [stderr]   running: "c++" "-O0" "-ffunction-sections" "-fdata-sections" "-fPIC" "-g" "-fno-omit-frame-pointer" "-m64" "-I" "rocksdb/include/" "-I" "rocksdb/" "-I" "rocksdb/third-party/gtest-1.8.1/fused-src/" "-I" "snappy/" "-I" "lz4/lib/" "-I" "zstd/lib/" "-I" "zstd/lib/dictBuilder/" "-I" "zlib/" "-I" "bzip2/" "-I" "." "-Wall" "-Wextra" "-std=c++11" "-Wno-unused-parameter" "-msse2" "-msse4.1" "-msse4.2" "-mpclmul" "-DSNAPPY=1" "-DLZ4=1" "-DZSTD=1" "-DZLIB=1" "-DBZIP2=1" "-DNDEBUG=1" "-DHAVE_SSE42=1" "-DHAVE_PCLMUL=1" "-DOS_LINUX=1" "-DROCKSDB_PLATFORM_POSIX=1" "-DROCKSDB_LIB_IO_POSIX=1" "-o" "/opt/rustwide/target/debug/build/librocksdb-sys-a125c1a310fd5032/out/rocksdb/table/format.o" "-c" "rocksdb/table/format.cc"
[INFO] [stderr]   running: "c++" "-O0" "-ffunction-sections" "-fdata-sections" "-fPIC" "-g" "-fno-omit-frame-pointer" "-m64" "-I" "rocksdb/include/" "-I" "rocksdb/" "-I" "rocksdb/third-party/gtest-1.8.1/fused-src/" "-I" "snappy/" "-I" "lz4/lib/" "-I" "zstd/lib/" "-I" "zstd/lib/dictBuilder/" "-I" "zlib/" "-I" "bzip2/" "-I" "." "-Wall" "-Wextra" "-std=c++11" "-Wno-unused-parameter" "-msse2" "-msse4.1" "-msse4.2" "-mpclmul" "-DSNAPPY=1" "-DLZ4=1" "-DZSTD=1" "-DZLIB=1" "-DBZIP2=1" "-DNDEBUG=1" "-DHAVE_SSE42=1" "-DHAVE_PCLMUL=1" "-DOS_LINUX=1" "-DROCKSDB_PLATFORM_POSIX=1" "-DROCKSDB_LIB_IO_POSIX=1" "-o" "/opt/rustwide/target/debug/build/librocksdb-sys-a125c1a310fd5032/out/rocksdb/db/builder.o" "-c" "rocksdb/db/builder.cc"
[INFO] [stderr]   running: "c++" "-O0" "-ffunction-sections" "-fdata-sections" "-fPIC" "-g" "-fno-omit-frame-pointer" "-m64" "-I" "rocksdb/include/" "-I" "rocksdb/" "-I" "rocksdb/third-party/gtest-1.8.1/fused-src/" "-I" "snappy/" "-I" "lz4/lib/" "-I" "zstd/lib/" "-I" "zstd/lib/dictBuilder/" "-I" "zlib/" "-I" "bzip2/" "-I" "." "-Wall" "-Wextra" "-std=c++11" "-Wno-unused-parameter" "-msse2" "-msse4.1" "-msse4.2" "-mpclmul" "-DSNAPPY=1" "-DLZ4=1" "-DZSTD=1" "-DZLIB=1" "-DBZIP2=1" "-DNDEBUG=1" "-DHAVE_SSE42=1" "-DHAVE_PCLMUL=1" "-DOS_LINUX=1" "-DROCKSDB_PLATFORM_POSIX=1" "-DROCKSDB_LIB_IO_POSIX=1" "-o" "/opt/rustwide/target/debug/build/librocksdb-sys-a125c1a310fd5032/out/rocksdb/db/blob/blob_file_meta.o" "-c" "rocksdb/db/blob/blob_file_meta.cc"
[INFO] [stderr]   running: "c++" "-O0" "-ffunction-sections" "-fdata-sections" "-fPIC" "-g" "-fno-omit-frame-pointer" "-m64" "-I" "rocksdb/include/" "-I" "rocksdb/" "-I" "rocksdb/third-party/gtest-1.8.1/fused-src/" "-I" "snappy/" "-I" "lz4/lib/" "-I" "zstd/lib/" "-I" "zstd/lib/dictBuilder/" "-I" "zlib/" "-I" "bzip2/" "-I" "." "-Wall" "-Wextra" "-std=c++11" "-Wno-unused-parameter" "-msse2" "-msse4.1" "-msse4.2" "-mpclmul" "-DSNAPPY=1" "-DLZ4=1" "-DZSTD=1" "-DZLIB=1" "-DBZIP2=1" "-DNDEBUG=1" "-DHAVE_SSE42=1" "-DHAVE_PCLMUL=1" "-DOS_LINUX=1" "-DROCKSDB_PLATFORM_POSIX=1" "-DROCKSDB_LIB_IO_POSIX=1" "-o" "/opt/rustwide/target/debug/build/librocksdb-sys-a125c1a310fd5032/out/rocksdb/util/threadpool_imp.o" "-c" "rocksdb/util/threadpool_imp.cc"
[INFO] [stderr]   running: "c++" "-O0" "-ffunction-sections" "-fdata-sections" "-fPIC" "-g" "-fno-omit-frame-pointer" "-m64" "-I" "rocksdb/include/" "-I" "rocksdb/" "-I" "rocksdb/third-party/gtest-1.8.1/fused-src/" "-I" "snappy/" "-I" "lz4/lib/" "-I" "zstd/lib/" "-I" "zstd/lib/dictBuilder/" "-I" "zlib/" "-I" "bzip2/" "-I" "." "-Wall" "-Wextra" "-std=c++11" "-Wno-unused-parameter" "-msse2" "-msse4.1" "-msse4.2" "-mpclmul" "-DSNAPPY=1" "-DLZ4=1" "-DZSTD=1" "-DZLIB=1" "-DBZIP2=1" "-DNDEBUG=1" "-DHAVE_SSE42=1" "-DHAVE_PCLMUL=1" "-DOS_LINUX=1" "-DROCKSDB_PLATFORM_POSIX=1" "-DROCKSDB_LIB_IO_POSIX=1" "-o" "/opt/rustwide/target/debug/build/librocksdb-sys-a125c1a310fd5032/out/rocksdb/port/stack_trace.o" "-c" "rocksdb/port/stack_trace.cc"
[INFO] [stderr]   running: "c++" "-O0" "-ffunction-sections" "-fdata-sections" "-fPIC" "-g" "-fno-omit-frame-pointer" "-m64" "-I" "rocksdb/include/" "-I" "rocksdb/" "-I" "rocksdb/third-party/gtest-1.8.1/fused-src/" "-I" "snappy/" "-I" "lz4/lib/" "-I" "zstd/lib/" "-I" "zstd/lib/dictBuilder/" "-I" "zlib/" "-I" "bzip2/" "-I" "." "-Wall" "-Wextra" "-std=c++11" "-Wno-unused-parameter" "-msse2" "-msse4.1" "-msse4.2" "-mpclmul" "-DSNAPPY=1" "-DLZ4=1" "-DZSTD=1" "-DZLIB=1" "-DBZIP2=1" "-DNDEBUG=1" "-DHAVE_SSE42=1" "-DHAVE_PCLMUL=1" "-DOS_LINUX=1" "-DROCKSDB_PLATFORM_POSIX=1" "-DROCKSDB_LIB_IO_POSIX=1" "-o" "/opt/rustwide/target/debug/build/librocksdb-sys-a125c1a310fd5032/out/rocksdb/cache/clock_cache.o" "-c" "rocksdb/cache/clock_cache.cc"
[INFO] [stderr]   running: "c++" "-O0" "-ffunction-sections" "-fdata-sections" "-fPIC" "-g" "-fno-omit-frame-pointer" "-m64" "-I" "rocksdb/include/" "-I" "rocksdb/" "-I" "rocksdb/third-party/gtest-1.8.1/fused-src/" "-I" "snappy/" "-I" "lz4/lib/" "-I" "zstd/lib/" "-I" "zstd/lib/dictBuilder/" "-I" "zlib/" "-I" "bzip2/" "-I" "." "-Wall" "-Wextra" "-std=c++11" "-Wno-unused-parameter" "-msse2" "-msse4.1" "-msse4.2" "-mpclmul" "-DSNAPPY=1" "-DLZ4=1" "-DZSTD=1" "-DZLIB=1" "-DBZIP2=1" "-DNDEBUG=1" "-DHAVE_SSE42=1" "-DHAVE_PCLMUL=1" "-DOS_LINUX=1" "-DROCKSDB_PLATFORM_POSIX=1" "-DROCKSDB_LIB_IO_POSIX=1" "-o" "/opt/rustwide/target/debug/build/librocksdb-sys-a125c1a310fd5032/out/rocksdb/db/internal_stats.o" "-c" "rocksdb/db/internal_stats.cc"
[INFO] [stderr]   running: "c++" "-O0" "-ffunction-sections" "-fdata-sections" "-fPIC" "-g" "-fno-omit-frame-pointer" "-m64" "-I" "rocksdb/include/" "-I" "rocksdb/" "-I" "rocksdb/third-party/gtest-1.8.1/fused-src/" "-I" "snappy/" "-I" "lz4/lib/" "-I" "zstd/lib/" "-I" "zstd/lib/dictBuilder/" "-I" "zlib/" "-I" "bzip2/" "-I" "." "-Wall" "-Wextra" "-std=c++11" "-Wno-unused-parameter" "-msse2" "-msse4.1" "-msse4.2" "-mpclmul" "-DSNAPPY=1" "-DLZ4=1" "-DZSTD=1" "-DZLIB=1" "-DBZIP2=1" "-DNDEBUG=1" "-DHAVE_SSE42=1" "-DHAVE_PCLMUL=1" "-DOS_LINUX=1" "-DROCKSDB_PLATFORM_POSIX=1" "-DROCKSDB_LIB_IO_POSIX=1" "-o" "/opt/rustwide/target/debug/build/librocksdb-sys-a125c1a310fd5032/out/rocksdb/util/file_checksum_helper.o" "-c" "rocksdb/util/file_checksum_helper.cc"
[INFO] [stderr]   running: "c++" "-O0" "-ffunction-sections" "-fdata-sections" "-fPIC" "-g" "-fno-omit-frame-pointer" "-m64" "-I" "rocksdb/include/" "-I" "rocksdb/" "-I" "rocksdb/third-party/gtest-1.8.1/fused-src/" "-I" "snappy/" "-I" "lz4/lib/" "-I" "zstd/lib/" "-I" "zstd/lib/dictBuilder/" "-I" "zlib/" "-I" "bzip2/" "-I" "." "-Wall" "-Wextra" "-std=c++11" "-Wno-unused-parameter" "-msse2" "-msse4.1" "-msse4.2" "-mpclmul" "-DSNAPPY=1" "-DLZ4=1" "-DZSTD=1" "-DZLIB=1" "-DBZIP2=1" "-DNDEBUG=1" "-DHAVE_SSE42=1" "-DHAVE_PCLMUL=1" "-DOS_LINUX=1" "-DROCKSDB_PLATFORM_POSIX=1" "-DROCKSDB_LIB_IO_POSIX=1" "-o" "/opt/rustwide/target/debug/build/librocksdb-sys-a125c1a310fd5032/out/rocksdb/util/random.o" "-c" "rocksdb/util/random.cc"
[INFO] [stderr]   running: "c++" "-O0" "-ffunction-sections" "-fdata-sections" "-fPIC" "-g" "-fno-omit-frame-pointer" "-m64" "-I" "rocksdb/include/" "-I" "rocksdb/" "-I" "rocksdb/third-party/gtest-1.8.1/fused-src/" "-I" "snappy/" "-I" "lz4/lib/" "-I" "zstd/lib/" "-I" "zstd/lib/dictBuilder/" "-I" "zlib/" "-I" "bzip2/" "-I" "." "-Wall" "-Wextra" "-std=c++11" "-Wno-unused-parameter" "-msse2" "-msse4.1" "-msse4.2" "-mpclmul" "-DSNAPPY=1" "-DLZ4=1" "-DZSTD=1" "-DZLIB=1" "-DBZIP2=1" "-DNDEBUG=1" "-DHAVE_SSE42=1" "-DHAVE_PCLMUL=1" "-DOS_LINUX=1" "-DROCKSDB_PLATFORM_POSIX=1" "-DROCKSDB_LIB_IO_POSIX=1" "-o" "/opt/rustwide/target/debug/build/librocksdb-sys-a125c1a310fd5032/out/rocksdb/utilities/merge_operators/string_append/stringappend.o" "-c" "rocksdb/utilities/merge_operators/string_append/stringappend.cc"
[INFO] [stderr]   running: "c++" "-O0" "-ffunction-sections" "-fdata-sections" "-fPIC" "-g" "-fno-omit-frame-pointer" "-m64" "-I" "rocksdb/include/" "-I" "rocksdb/" "-I" "rocksdb/third-party/gtest-1.8.1/fused-src/" "-I" "snappy/" "-I" "lz4/lib/" "-I" "zstd/lib/" "-I" "zstd/lib/dictBuilder/" "-I" "zlib/" "-I" "bzip2/" "-I" "." "-Wall" "-Wextra" "-std=c++11" "-Wno-unused-parameter" "-msse2" "-msse4.1" "-msse4.2" "-mpclmul" "-DSNAPPY=1" "-DLZ4=1" "-DZSTD=1" "-DZLIB=1" "-DBZIP2=1" "-DNDEBUG=1" "-DHAVE_SSE42=1" "-DHAVE_PCLMUL=1" "-DOS_LINUX=1" "-DROCKSDB_PLATFORM_POSIX=1" "-DROCKSDB_LIB_IO_POSIX=1" "-o" "/opt/rustwide/target/debug/build/librocksdb-sys-a125c1a310fd5032/out/rocksdb/db/blob/blob_file_garbage.o" "-c" "rocksdb/db/blob/blob_file_garbage.cc"
[INFO] [stderr]   running: "c++" "-O0" "-ffunction-sections" "-fdata-sections" "-fPIC" "-g" "-fno-omit-frame-pointer" "-m64" "-I" "rocksdb/include/" "-I" "rocksdb/" "-I" "rocksdb/third-party/gtest-1.8.1/fused-src/" "-I" "snappy/" "-I" "lz4/lib/" "-I" "zstd/lib/" "-I" "zstd/lib/dictBuilder/" "-I" "zlib/" "-I" "bzip2/" "-I" "." "-Wall" "-Wextra" "-std=c++11" "-Wno-unused-parameter" "-msse2" "-msse4.1" "-msse4.2" "-mpclmul" "-DSNAPPY=1" "-DLZ4=1" "-DZSTD=1" "-DZLIB=1" "-DBZIP2=1" "-DNDEBUG=1" "-DHAVE_SSE42=1" "-DHAVE_PCLMUL=1" "-DOS_LINUX=1" "-DROCKSDB_PLATFORM_POSIX=1" "-DROCKSDB_LIB_IO_POSIX=1" "-o" "/opt/rustwide/target/debug/build/librocksdb-sys-a125c1a310fd5032/out/rocksdb/utilities/memory/memory_util.o" "-c" "rocksdb/utilities/memory/memory_util.cc"
[INFO] [stderr]   running: "c++" "-O0" "-ffunction-sections" "-fdata-sections" "-fPIC" "-g" "-fno-omit-frame-pointer" "-m64" "-I" "rocksdb/include/" "-I" "rocksdb/" "-I" "rocksdb/third-party/gtest-1.8.1/fused-src/" "-I" "snappy/" "-I" "lz4/lib/" "-I" "zstd/lib/" "-I" "zstd/lib/dictBuilder/" "-I" "zlib/" "-I" "bzip2/" "-I" "." "-Wall" "-Wextra" "-std=c++11" "-Wno-unused-parameter" "-msse2" "-msse4.1" "-msse4.2" "-mpclmul" "-DSNAPPY=1" "-DLZ4=1" "-DZSTD=1" "-DZLIB=1" "-DBZIP2=1" "-DNDEBUG=1" "-DHAVE_SSE42=1" "-DHAVE_PCLMUL=1" "-DOS_LINUX=1" "-DROCKSDB_PLATFORM_POSIX=1" "-DROCKSDB_LIB_IO_POSIX=1" "-o" "/opt/rustwide/target/debug/build/librocksdb-sys-a125c1a310fd5032/out/rocksdb/utilities/env_timed.o" "-c" "rocksdb/utilities/env_timed.cc"
[INFO] [stderr]   running: "c++" "-O0" "-ffunction-sections" "-fdata-sections" "-fPIC" "-g" "-fno-omit-frame-pointer" "-m64" "-I" "rocksdb/include/" "-I" "rocksdb/" "-I" "rocksdb/third-party/gtest-1.8.1/fused-src/" "-I" "snappy/" "-I" "lz4/lib/" "-I" "zstd/lib/" "-I" "zstd/lib/dictBuilder/" "-I" "zlib/" "-I" "bzip2/" "-I" "." "-Wall" "-Wextra" "-std=c++11" "-Wno-unused-parameter" "-msse2" "-msse4.1" "-msse4.2" "-mpclmul" "-DSNAPPY=1" "-DLZ4=1" "-DZSTD=1" "-DZLIB=1" "-DBZIP2=1" "-DNDEBUG=1" "-DHAVE_SSE42=1" "-DHAVE_PCLMUL=1" "-DOS_LINUX=1" "-DROCKSDB_PLATFORM_POSIX=1" "-DROCKSDB_LIB_IO_POSIX=1" "-o" "/opt/rustwide/target/debug/build/librocksdb-sys-a125c1a310fd5032/out/rocksdb/util/string_util.o" "-c" "rocksdb/util/string_util.cc"
[INFO] [stderr]   running: "c++" "-O0" "-ffunction-sections" "-fdata-sections" "-fPIC" "-g" "-fno-omit-frame-pointer" "-m64" "-I" "rocksdb/include/" "-I" "rocksdb/" "-I" "rocksdb/third-party/gtest-1.8.1/fused-src/" "-I" "snappy/" "-I" "lz4/lib/" "-I" "zstd/lib/" "-I" "zstd/lib/dictBuilder/" "-I" "zlib/" "-I" "bzip2/" "-I" "." "-Wall" "-Wextra" "-std=c++11" "-Wno-unused-parameter" "-msse2" "-msse4.1" "-msse4.2" "-mpclmul" "-DSNAPPY=1" "-DLZ4=1" "-DZSTD=1" "-DZLIB=1" "-DBZIP2=1" "-DNDEBUG=1" "-DHAVE_SSE42=1" "-DHAVE_PCLMUL=1" "-DOS_LINUX=1" "-DROCKSDB_PLATFORM_POSIX=1" "-DROCKSDB_LIB_IO_POSIX=1" "-o" "/opt/rustwide/target/debug/build/librocksdb-sys-a125c1a310fd5032/out/rocksdb/db/blob/blob_log_format.o" "-c" "rocksdb/db/blob/blob_log_format.cc"
[INFO] [stderr]   running: "c++" "-O0" "-ffunction-sections" "-fdata-sections" "-fPIC" "-g" "-fno-omit-frame-pointer" "-m64" "-I" "rocksdb/include/" "-I" "rocksdb/" "-I" "rocksdb/third-party/gtest-1.8.1/fused-src/" "-I" "snappy/" "-I" "lz4/lib/" "-I" "zstd/lib/" "-I" "zstd/lib/dictBuilder/" "-I" "zlib/" "-I" "bzip2/" "-I" "." "-Wall" "-Wextra" "-std=c++11" "-Wno-unused-parameter" "-msse2" "-msse4.1" "-msse4.2" "-mpclmul" "-DSNAPPY=1" "-DLZ4=1" "-DZSTD=1" "-DZLIB=1" "-DBZIP2=1" "-DNDEBUG=1" "-DHAVE_SSE42=1" "-DHAVE_PCLMUL=1" "-DOS_LINUX=1" "-DROCKSDB_PLATFORM_POSIX=1" "-DROCKSDB_LIB_IO_POSIX=1" "-o" "/opt/rustwide/target/debug/build/librocksdb-sys-a125c1a310fd5032/out/rocksdb/db/column_family.o" "-c" "rocksdb/db/column_family.cc"
[INFO] [stderr]   running: "c++" "-O0" "-ffunction-sections" "-fdata-sections" "-fPIC" "-g" "-fno-omit-frame-pointer" "-m64" "-I" "rocksdb/include/" "-I" "rocksdb/" "-I" "rocksdb/third-party/gtest-1.8.1/fused-src/" "-I" "snappy/" "-I" "lz4/lib/" "-I" "zstd/lib/" "-I" "zstd/lib/dictBuilder/" "-I" "zlib/" "-I" "bzip2/" "-I" "." "-Wall" "-Wextra" "-std=c++11" "-Wno-unused-parameter" "-msse2" "-msse4.1" "-msse4.2" "-mpclmul" "-DSNAPPY=1" "-DLZ4=1" "-DZSTD=1" "-DZLIB=1" "-DBZIP2=1" "-DNDEBUG=1" "-DHAVE_SSE42=1" "-DHAVE_PCLMUL=1" "-DOS_LINUX=1" "-DROCKSDB_PLATFORM_POSIX=1" "-DROCKSDB_LIB_IO_POSIX=1" "-o" "/opt/rustwide/target/debug/build/librocksdb-sys-a125c1a310fd5032/out/rocksdb/db/compaction/compaction.o" "-c" "rocksdb/db/compaction/compaction.cc"
[INFO] [stderr]   running: "c++" "-O0" "-ffunction-sections" "-fdata-sections" "-fPIC" "-g" "-fno-omit-frame-pointer" "-m64" "-I" "rocksdb/include/" "-I" "rocksdb/" "-I" "rocksdb/third-party/gtest-1.8.1/fused-src/" "-I" "snappy/" "-I" "lz4/lib/" "-I" "zstd/lib/" "-I" "zstd/lib/dictBuilder/" "-I" "zlib/" "-I" "bzip2/" "-I" "." "-Wall" "-Wextra" "-std=c++11" "-Wno-unused-parameter" "-msse2" "-msse4.1" "-msse4.2" "-mpclmul" "-DSNAPPY=1" "-DLZ4=1" "-DZSTD=1" "-DZLIB=1" "-DBZIP2=1" "-DNDEBUG=1" "-DHAVE_SSE42=1" "-DHAVE_PCLMUL=1" "-DOS_LINUX=1" "-DROCKSDB_PLATFORM_POSIX=1" "-DROCKSDB_LIB_IO_POSIX=1" "-o" "/opt/rustwide/target/debug/build/librocksdb-sys-a125c1a310fd5032/out/rocksdb/db/db_info_dumper.o" "-c" "rocksdb/db/db_info_dumper.cc"
[INFO] [stderr]   running: "c++" "-O0" "-ffunction-sections" "-fdata-sections" "-fPIC" "-g" "-fno-omit-frame-pointer" "-m64" "-I" "rocksdb/include/" "-I" "rocksdb/" "-I" "rocksdb/third-party/gtest-1.8.1/fused-src/" "-I" "snappy/" "-I" "lz4/lib/" "-I" "zstd/lib/" "-I" "zstd/lib/dictBuilder/" "-I" "zlib/" "-I" "bzip2/" "-I" "." "-Wall" "-Wextra" "-std=c++11" "-Wno-unused-parameter" "-msse2" "-msse4.1" "-msse4.2" "-mpclmul" "-DSNAPPY=1" "-DLZ4=1" "-DZSTD=1" "-DZLIB=1" "-DBZIP2=1" "-DNDEBUG=1" "-DHAVE_SSE42=1" "-DHAVE_PCLMUL=1" "-DOS_LINUX=1" "-DROCKSDB_PLATFORM_POSIX=1" "-DROCKSDB_LIB_IO_POSIX=1" "-o" "/opt/rustwide/target/debug/build/librocksdb-sys-a125c1a310fd5032/out/rocksdb/db/trim_history_scheduler.o" "-c" "rocksdb/db/trim_history_scheduler.cc"
[INFO] [stderr]   exit status: 0
[INFO] [stderr]   running: "c++" "-O0" "-ffunction-sections" "-fdata-sections" "-fPIC" "-g" "-fno-omit-frame-pointer" "-m64" "-I" "rocksdb/include/" "-I" "rocksdb/" "-I" "rocksdb/third-party/gtest-1.8.1/fused-src/" "-I" "snappy/" "-I" "lz4/lib/" "-I" "zstd/lib/" "-I" "zstd/lib/dictBuilder/" "-I" "zlib/" "-I" "bzip2/" "-I" "." "-Wall" "-Wextra" "-std=c++11" "-Wno-unused-parameter" "-msse2" "-msse4.1" "-msse4.2" "-mpclmul" "-DSNAPPY=1" "-DLZ4=1" "-DZSTD=1" "-DZLIB=1" "-DBZIP2=1" "-DNDEBUG=1" "-DHAVE_SSE42=1" "-DHAVE_PCLMUL=1" "-DOS_LINUX=1" "-DROCKSDB_PLATFORM_POSIX=1" "-DROCKSDB_LIB_IO_POSIX=1" "-o" "/opt/rustwide/target/debug/build/librocksdb-sys-a125c1a310fd5032/out/rocksdb/table/adaptive/adaptive_table_factory.o" "-c" "rocksdb/table/adaptive/adaptive_table_factory.cc"
[INFO] [stderr]   cargo:warning=c++: fatal error: Killed signal terminated program cc1plus
[INFO] [stderr]   cargo:warning=compilation terminated.
[INFO] [stderr]   exit status: 1
[INFO] [stderr]   cargo:warning=c++: fatal error: Killed signal terminated program cc1plus
[INFO] [stderr]   cargo:warning=compilation terminated.
[INFO] [stderr]   exit status: 1
[INFO] [stderr]   cargo:warning=c++: fatal error: Killed signal terminated program cc1plus
[INFO] [stderr]   cargo:warning=compilation terminated.
[INFO] [stderr]   exit status: 1
[INFO] [stderr]   cargo:warning=c++: fatal error: Killed signal terminated program cc1plus
[INFO] [stderr]   cargo:warning=compilation terminated.
[INFO] [stderr]   exit status: 1
[INFO] [stderr]   exit status: 0
[INFO] [stderr]   exit status: 0
[INFO] [stderr]   exit status: 0
[INFO] [stderr]   exit status: 0
[INFO] [stderr]   exit status: 0
[INFO] [stderr]   cargo:warning=c++: fatal error: Killed signal terminated program cc1plus
[INFO] [stderr]   cargo:warning=compilation terminated.
[INFO] [stderr]   exit status: 1
[INFO] [stderr]   cargo:warning=c++: fatal error: Killed signal terminated program cc1plus
[INFO] [stderr]   cargo:warning=compilation terminated.
[INFO] [stderr]   exit status: 1
[INFO] [stderr]   cargo:warning=c++: fatal error: Killed signal terminated program cc1plus
[INFO] [stderr]   cargo:warning=compilation terminated.
[INFO] [stderr]   exit status: 1
[INFO] [stderr]   cargo:warning=c++: fatal error: Killed signal terminated program cc1plus
[INFO] [stderr]   cargo:warning=compilation terminated.
[INFO] [stderr]   exit status: 1
[INFO] [stderr]   cargo:warning=c++: fatal error: Killed signal terminated program cc1plus
[INFO] [stderr]   cargo:warning=compilation terminated.
[INFO] [stderr]   exit status: 1
[INFO] [stderr]   cargo:warning=c++: fatal error: Killed signal terminated program cc1plus
[INFO] [stderr]   cargo:warning=compilation terminated.
[INFO] [stderr]   exit status: 1
[INFO] [stderr]   cargo:warning=c++: fatal error: Killed signal terminated program cc1plus
[INFO] [stderr]   cargo:warning=compilation terminated.
[INFO] [stderr]   exit status: 1
[INFO] [stderr]   cargo:warning=c++: fatal error: Killed signal terminated program cc1plus
[INFO] [stderr]   cargo:warning=compilation terminated.
[INFO] [stderr]   exit status: 1
[INFO] [stderr]   cargo:warning=c++: fatal error: Killed signal terminated program cc1plus
[INFO] [stderr]   cargo:warning=compilation terminated.
[INFO] [stderr]   exit status: 1
[INFO] [stderr]   cargo:warning=c++: fatal error: Killed signal terminated program cc1plus
[INFO] [stderr]   cargo:warning=compilation terminated.
[INFO] [stderr]   exit status: 1
[INFO] [stderr]   cargo:warning=c++: fatal error: Killed signal terminated program cc1plus
[INFO] [stderr]   cargo:warning=compilation terminated.
[INFO] [stderr]   exit status: 1
[INFO] [stderr]   cargo:warning=c++: fatal error: Killed signal terminated program cc1plus
[INFO] [stderr]   cargo:warning=compilation terminated.
[INFO] [stderr]   exit status: 1
[INFO] [stderr]   exit status: 0
[INFO] [stderr]   exit status: 0
[INFO] [stderr]   exit status: 0
[INFO] [stderr]   exit status: 0
[INFO] [stderr]   exit status: 0
[INFO] [stderr]   exit status: 0
[INFO] [stderr]   exit status: 0
[INFO] [stderr]   exit status: 0
[INFO] [stderr]   exit status: 0
[INFO] [stderr]   exit status: 0
[INFO] [stderr]   exit status: 0
[INFO] [stderr] 
[INFO] [stderr]   --- stderr
[INFO] [stderr]   error: 'rustfmt' is not installed for the toolchain '881c1ac408d93bb7adaa3a51dabab9266e82eee8'
[INFO] [stderr]   note: this is a custom toolchain, which cannot use `rustup component add`
[INFO] [stderr]   help: if you built this toolchain from source, and used `rustup toolchain link`, then you may be able to build the component with `x.py`
[INFO] [stderr]   Failed to run rustfmt: Internal rustfmt error (non-fatal, continuing)
[INFO] [stderr] 
[INFO] [stderr] 
[INFO] [stderr]   error occurred: Command "c++" "-O0" "-ffunction-sections" "-fdata-sections" "-fPIC" "-g" "-fno-omit-frame-pointer" "-m64" "-I" "rocksdb/include/" "-I" "rocksdb/" "-I" "rocksdb/third-party/gtest-1.8.1/fused-src/" "-I" "snappy/" "-I" "lz4/lib/" "-I" "zstd/lib/" "-I" "zstd/lib/dictBuilder/" "-I" "zlib/" "-I" "bzip2/" "-I" "." "-Wall" "-Wextra" "-std=c++11" "-Wno-unused-parameter" "-msse2" "-msse4.1" "-msse4.2" "-mpclmul" "-DSNAPPY=1" "-DLZ4=1" "-DZSTD=1" "-DZLIB=1" "-DBZIP2=1" "-DNDEBUG=1" "-DHAVE_SSE42=1" "-DHAVE_PCLMUL=1" "-DOS_LINUX=1" "-DROCKSDB_PLATFORM_POSIX=1" "-DROCKSDB_LIB_IO_POSIX=1" "-o" "/opt/rustwide/target/debug/build/librocksdb-sys-a125c1a310fd5032/out/rocksdb/db/db_info_dumper.o" "-c" "rocksdb/db/db_info_dumper.cc" with args "c++" did not execute successfully (status code exit status: 1).
[INFO] [stderr] 
[INFO] [stderr] 
[INFO] [stderr] warning: build failed, waiting for other jobs to finish...
[INFO] [stderr] error: build failed
[INFO] running `Command { std: "docker" "inspect" "8cbc0ce05248842f7642b1297f1b515fbd3f8251d1539e5aa0fbe55d1825d08c", kill_on_drop: false }`
[INFO] running `Command { std: "docker" "rm" "-f" "8cbc0ce05248842f7642b1297f1b515fbd3f8251d1539e5aa0fbe55d1825d08c", kill_on_drop: false }`
[INFO] [stdout] 8cbc0ce05248842f7642b1297f1b515fbd3f8251d1539e5aa0fbe55d1825d08c
